{"id":647,"date":"2023-02-02T22:48:13","date_gmt":"2023-02-02T15:48:13","guid":{"rendered":"http:\/\/physics.sc.kku.ac.th\/?page_id=647"},"modified":"2023-02-02T22:52:09","modified_gmt":"2023-02-02T15:52:09","slug":"%e0%b8%9c%e0%b8%a8-%e0%b8%94%e0%b8%a3-%e0%b8%9e%e0%b8%b4%e0%b8%a1%e0%b8%9b%e0%b8%b8%e0%b8%93%e0%b8%a2%e0%b8%a7%e0%b8%b1%e0%b8%88%e0%b8%99%e0%b9%8c-%e0%b8%97%e0%b8%b8%e0%b8%a1%e0%b9%80%e0%b8%a1","status":"publish","type":"page","link":"https:\/\/physics.sc.kku.ac.th\/?page_id=647","title":{"rendered":"\u0e1c\u0e28. \u0e14\u0e23.\u0e1e\u0e34\u0e21\u0e1b\u0e38\u0e13\u0e22\u0e27\u0e31\u0e08\u0e19\u0e4c \u0e17\u0e38\u0e21\u0e40\u0e21\u0e37\u0e2d\u0e07\u0e1b\u0e31\u0e01"},"content":{"rendered":"<section class=\"wpb-content-wrapper\"><p>[vc_row][vc_column][vc_column_text animation=&#8221;bounceInDown&#8221;]<\/p>\r\n<div class=\"wp-block-columns is-layout-flex wp-container-core-columns-is-layout-9d6595d7 wp-block-columns-is-layout-flex\">\r\n<div class=\"wp-block-column is-layout-flow wp-block-column-is-layout-flow\" style=\"flex-basis: 25%;\">\r\n<figure class=\"wp-block-image size-large\"><img loading=\"lazy\" decoding=\"async\" width=\"748\" height=\"1024\" class=\"wp-image-246\" src=\"http:\/\/physics.sc.kku.ac.th\/wp-content\/uploads\/2023\/01\/Pimpunyawat-748x1024.png\" alt=\"\" srcset=\"https:\/\/physics.sc.kku.ac.th\/wp-content\/uploads\/2023\/01\/Pimpunyawat-748x1024.png 748w, https:\/\/physics.sc.kku.ac.th\/wp-content\/uploads\/2023\/01\/Pimpunyawat-219x300.png 219w, https:\/\/physics.sc.kku.ac.th\/wp-content\/uploads\/2023\/01\/Pimpunyawat-768x1051.png 768w, https:\/\/physics.sc.kku.ac.th\/wp-content\/uploads\/2023\/01\/Pimpunyawat-1122x1536.png 1122w, https:\/\/physics.sc.kku.ac.th\/wp-content\/uploads\/2023\/01\/Pimpunyawat-1496x2048.png 1496w, https:\/\/physics.sc.kku.ac.th\/wp-content\/uploads\/2023\/01\/Pimpunyawat.png 1600w\" sizes=\"auto, (max-width: 748px) 100vw, 748px\" \/><\/figure>\r\n<p><\/p>\r\n<\/div>\r\n\r\n\r\n\r\n<div class=\"wp-block-column is-layout-flow wp-block-column-is-layout-flow\" style=\"flex-basis: 50%;\">\r\n\r\n\r\n<h2 class=\"wp-block-heading\">\u00a0<\/h2>\r\n<h2>\u0e1b\u0e23\u0e30\u0e27\u0e31\u0e15\u0e34<\/h2>\r\n\r\n\r\n\r\n<ul class=\"wp-block-list\">\r\n<li style=\"list-style-type: none;\">\r\n<ul>\r\n<li><strong>2548 <\/strong>\u0e27\u0e17.\u0e1a. (\u0e1f\u0e34\u0e2a\u0e34\u0e01\u0e2a\u0e4c) \u0e21\u0e2b\u0e32\u0e27\u0e34\u0e17\u0e22\u0e32\u0e25\u0e31\u0e22\u0e1a\u0e39\u0e23\u0e1e\u0e32<\/li>\r\n\r\n\r\n\r\n<li><strong>2552<\/strong> M.Sc. in Physics, University of Durham, UK<\/li>\r\n\r\n\r\n\r\n<li><strong>2557 <\/strong>Ph.D. in Physics, University of Durham, UK<\/li>\r\n<\/ul>\r\n<\/li>\r\n<\/ul>\r\n\r\n<p><strong>\u0e2b\u0e49\u0e2d\u0e07\u0e17\u0e33\u0e07\u0e32\u0e19<\/strong> \u0e2d\u0e32\u0e04\u0e32\u0e23\u0e27\u0e34\u0e17\u0e22\u0e27\u0e34\u0e20\u0e32\u0e2a \u0e0a\u0e31\u0e49\u0e19 5 \u0e04\u0e13\u0e30\u0e27\u0e34\u0e17\u0e22\u0e32\u0e28\u0e32\u0e2a\u0e15\u0e23\u0e4c \u0e21\u0e2b\u0e32\u0e27\u0e34\u0e17\u0e22\u0e32\u0e25\u0e31\u0e22\u0e02\u0e2d\u0e19\u0e41\u0e01\u0e48\u0e19<\/p>\r\n\r\n<p><strong>E-mail<\/strong>: pimptu@kku.ac.th<\/p>\r\n\r\n<p><strong>Download CV<\/strong><\/p>\r\n<\/div>\r\n<p><\/p>\r\n<\/div>\r\n\r\n<p>&nbsp;<\/p>\r\n<p>[\/vc_column_text][\/vc_column][\/vc_row][vc_row][vc_column][vc_tta_tabs][vc_tta_section title=&#8221;\u0e07\u0e32\u0e19\u0e27\u0e34\u0e08\u0e31\u0e22\u0e17\u0e35\u0e48\u0e2a\u0e19\u0e43\u0e08&#8221; tab_id=&#8221;1675352926816-64c4cfbc-4a4a&#8221;][vc_column_text animation=&#8221;bounceInDown&#8221;]<\/p>\r\n\r\n<ol class=\"wp-block-list\">\r\n<li style=\"list-style-type: none;\">\r\n<ol>\r\n<li>\u0e01\u0e32\u0e23\u0e04\u0e49\u0e19\u0e1e\u0e1a\u0e01\u0e32\u0e41\u0e25\u0e01\u0e0b\u0e35\u0e17\u0e35\u0e48\u0e04\u0e48\u0e32\u0e40\u0e23\u0e14\u0e0a\u0e34\u0e1e\u0e17\u0e4c\u0e21\u0e32\u0e01\u0e40\u0e1e\u0e37\u0e48\u0e2d\u0e04\u0e27\u0e32\u0e21\u0e40\u0e02\u0e49\u0e32\u0e43\u0e08\u0e43\u0e19\u0e40\u0e2d\u0e01\u0e20\u0e1e \u0e17\u0e33\u0e43\u0e2b\u0e49\u0e17\u0e23\u0e32\u0e1a\u0e16\u0e36\u0e07\u0e17\u0e35\u0e48\u0e21\u0e32\u0e41\u0e25\u0e30\u0e27\u0e34\u0e27\u0e31\u0e12\u0e19\u0e32\u0e01\u0e32\u0e23\u0e44\u0e14\u0e49<\/li>\r\n\r\n\r\n\r\n<li>\u0e01\u0e32\u0e23\u0e28\u0e36\u0e01\u0e29\u0e32\u0e04\u0e27\u0e32\u0e21\u0e2a\u0e31\u0e21\u0e1e\u0e31\u0e19\u0e18\u0e4c\u0e23\u0e30\u0e2b\u0e27\u0e48\u0e32\u0e07\u0e41\u0e01\u0e4a\u0e2a\u0e41\u0e25\u0e30\u0e01\u0e32\u0e41\u0e25\u0e01\u0e0b\u0e35\u0e17\u0e35\u0e48\u0e04\u0e48\u0e32\u0e40\u0e23\u0e14\u0e0a\u0e34\u0e1e\u0e17\u0e4c\u0e21\u0e32\u0e01<\/li>\r\n<\/ol>\r\n<\/li>\r\n<\/ol>\r\n<p>\u00a0<\/p>\r\n<p>[\/vc_column_text][\/vc_tta_section][vc_tta_section title=&#8221;\u0e1c\u0e25\u0e07\u0e32\u0e19\u0e27\u0e34\u0e08\u0e31\u0e22&#8221; tab_id=&#8221;1675352926826-1308abb4-d58b&#8221;][vc_column_text animation=&#8221;bounceInDown&#8221;]<\/p>\r\n\r\n<ol class=\"wp-block-list\">\r\n<li style=\"list-style-type: none;\">\r\n<ol>\r\n<li>K Tisawech,<strong> P Tummuangpak<\/strong>, K Asanok and P Jaroenjittichai, \u201cA sky survey of neutral Hydrogen at 21 cm using NARIT 5 m small radio telescope\u201d, Journal of Physics: Conference Series, 1380, 012047, 2019.<\/li>\r\n\r\n\r\n\r\n<li>Y Mingmuang, <strong>P Tummuangpak<\/strong>, K Asanok and P Jaroenjittichai, \u201cThe mass distribution and the rotation curve of the Milky Way Galaxy using NARIT 5 m small radio telescope and the 2.3 m Onsala radio telescope\u201d, Journal of Physics: Conference Series, 1380, 012028, 2019<\/li>\r\n\r\n\r\n\r\n<li>M. Bielby, T. Shanks, N. H. M. Crighton, C.G. Bornancini, L. Infante, D.G. Lambas, D. Minniti, S. L. Morris, <strong>P. Tummuangpak<\/strong>, &#8220;The VLT LBG Redshift Survey &#8211; VI. Mapping HI in the proximity of z ? 3 LBGs with X-Shooter&#8221;, MNRAS, 456, 4061-4080, 2016 (JIF 2015 = 5.107)<\/li>\r\n\r\n\r\n\r\n<li>M.Bielby, <strong>P. Tummuangpak<\/strong>, T. Shanks, H. Francke, N. H. M. Crighton, E. Ba\u00f1ados, Gonz\u00e1lez-L\u00f3pez, Jorge, L. Infante, A. Orsi, &#8220;The VLT LBG redshift survey &#8211; V. Characterizing the z = 3.1 Lyman ? emitter population&#8221;, MNRAS, 456, 4061-4080, 2016 (JIF 2015 = 5.107)<\/li>\r\n\r\n\r\n\r\n<li><strong>Tummuangpak, T.<\/strong> Shanks, R. M. Bielby, N. H. M. Crighton, H. Francke, L. Infante, T. Theuns, &#8220;The VLT LBG Redshift Survey &#8211; IV. Gas and galaxies at z ~ 3 in observations and simulations&#8221;, MNRAS, 442, 2094, 2014 (JIF 2014 = 5.521)<\/li>\r\n\r\n\r\n\r\n<li>Bielby, M.D. Hill, T. Shanks, N.H.M. Crighton, L. Infante, C. G. Bornancini, H. Francke, P. H\u00b4eraudeau, D. G. Lambas, N. Metcalfe, D. Minniti, N. Padilla, T. Theuns,<strong> P. Tummuangpak<\/strong>, P. Weilbacher, &#8220;The VLT LBG Redshift Survey &#8211; III. The clustering and dynamics of Lyman-break galaxies at z ~ 3&#8221;, MNRAS, 430,425, 2013 (JIF 2013 = 5.226)<\/li>\r\n\r\n\r\n\r\n<li>H. M. Crighton, R. Bielby, T. Shanks, L. Infante, C. G. Bornancini, N. Bouch, D. G. Lambas, J. D. Lowenthal, D. Minniti, S. L. Morris, N. Padilla, C. Proux, P. Petitjean, T. Theuns, <strong>P. Tummuangpak<\/strong>, P. M. Weilbacher, L. Wisotzki, G. Worseck \u201cVLT LBG Redshift Survey II: Interactions between galaxies and the IGM at z ~ 3.\u201d , MNRAS, 414 414, 28, 2011 (JIF 2011 = 4.900)<\/li>\r\n<\/ol>\r\n<\/li>\r\n<\/ol>\r\n<p>\u00a0<\/p>\r\n<p>[\/vc_column_text][\/vc_tta_section][\/vc_tta_tabs][\/vc_column][\/vc_row]<\/p><\/section>","protected":false},"excerpt":{"rendered":"<p>[vc_row][vc_column][vc_column_text animation=&#8221;bou [&hellip;]<\/p>\n","protected":false},"author":1,"featured_media":0,"parent":0,"menu_order":0,"comment_status":"closed","ping_status":"closed","template":"","meta":{"footnotes":""},"class_list":["post-647","page","type-page","status-publish","hentry"],"_links":{"self":[{"href":"https:\/\/physics.sc.kku.ac.th\/index.php?rest_route=\/wp\/v2\/pages\/647","targetHints":{"allow":["GET"]}}],"collection":[{"href":"https:\/\/physics.sc.kku.ac.th\/index.php?rest_route=\/wp\/v2\/pages"}],"about":[{"href":"https:\/\/physics.sc.kku.ac.th\/index.php?rest_route=\/wp\/v2\/types\/page"}],"author":[{"embeddable":true,"href":"https:\/\/physics.sc.kku.ac.th\/index.php?rest_route=\/wp\/v2\/users\/1"}],"replies":[{"embeddable":true,"href":"https:\/\/physics.sc.kku.ac.th\/index.php?rest_route=%2Fwp%2Fv2%2Fcomments&post=647"}],"version-history":[{"count":6,"href":"https:\/\/physics.sc.kku.ac.th\/index.php?rest_route=\/wp\/v2\/pages\/647\/revisions"}],"predecessor-version":[{"id":654,"href":"https:\/\/physics.sc.kku.ac.th\/index.php?rest_route=\/wp\/v2\/pages\/647\/revisions\/654"}],"wp:attachment":[{"href":"https:\/\/physics.sc.kku.ac.th\/index.php?rest_route=%2Fwp%2Fv2%2Fmedia&parent=647"}],"curies":[{"name":"wp","href":"https:\/\/api.w.org\/{rel}","templated":true}]}}